{"id":507,"date":"2026-03-25T22:00:00","date_gmt":"2026-03-25T21:00:00","guid":{"rendered":"http:\/\/m-pet.de\/?page_id=507"},"modified":"2026-03-26T14:30:30","modified_gmt":"2026-03-26T13:30:30","slug":"kats-vorschriften","status":"publish","type":"page","link":"https:\/\/m-pet.de\/?page_id=507","title":{"rendered":"KatS Niedersachsen"},"content":{"rendered":"\n<p>Der Katastrophenschutz in Deutschland f\u00e4llt in Gesetzgebung und Vollzug grunds\u00e4tzlich in die Zust\u00e4ndigkeit der L\u00e4nder. F\u00fcr Niedersachsen bildet das Nieders\u00e4chsische Katastrophenschutzgesetz (NKatSG) die ma\u00dfgebliche landesrechtliche Grundlage. Nachfolgend sind die wesentlichen Informationen zusammengestellt, die den rechtlichen und organisatorischen Rahmen des Katastrophenschutzes in Niedersachsen bestimmen.<\/p>\n\n\n\n<figure class=\"wp-block-table\"><table class=\"has-fixed-layout\"><thead><tr><th>Vorschrift \/ Fundstelle<\/th><th>Kurzbeschreibung \/ Hinweis<\/th><\/tr><\/thead><tbody><tr><td><a href=\"https:\/\/voris.wolterskluwer-online.de\/browse\/document\/cite\/2fa82113-ff40-31e3-af30-3a16ae273ec2\" target=\"_blank\" rel=\"noreferrer noopener\">Nieders\u00e4chsisches Katastrophenschutzgesetz (NKatSG)<\/a><\/td><td>Zentrale landesrechtliche Grundlage des Katastrophenschutzes in Niedersachsen.<\/td><\/tr><tr><td><a href=\"https:\/\/voris.wolterskluwer-online.de\/browse\/document\/cite\/79afdefe-d00d-3d3f-973e-d6e7bd899e6c\" target=\"_blank\" rel=\"noreferrer noopener\">Richtlinie \u00fcber die Gew\u00e4hrung von Zuwendungen f\u00fcr Ausstattung und Ausbildung von Katastrophenschutzeinheiten privater Tr\u00e4ger<\/a><\/td><td>F\u00f6rdergrundlage f\u00fcr Ausstattung und Ausbildung privater Katastrophenschutzeinheiten.<\/td><\/tr><tr><td><a href=\"https:\/\/www.nlbk.niedersachsen.de\/startseite\/\" target=\"_blank\" rel=\"noreferrer noopener\">Nieders\u00e4chsisches Landesamt f\u00fcr Brand- und Katastrophenschutz (NLBK)<\/a><\/td><td>Das NLBK ist obere Katastrophenschutzbeh\u00f6rde. Dar\u00fcber steht des Nds. Innenministerium als oberste Katastrophenschutzbeh\u00f6rde. Die Landkreise, kreisfreien St\u00e4dte und die St\u00e4dte Cuxhaven und Hildesheim sind untere Katastrophenschutzbeh\u00f6rden und nehmen die Aufgabe im \u00fcbertragenen Wirkungskreis wahr. <\/td><\/tr><tr><td><a href=\"https:\/\/voris.wolterskluwer-online.de\/browse\/document\/cite\/fabf2fae-1103-3558-a0a1-3a1f1a45fd89\" target=\"_blank\" rel=\"noreferrer noopener\">Aufgaben des Nieders\u00e4chsischen Landesamtes f\u00fcr Brand- und Katastrophenschutz im Brand- und Katastrophenschutz<\/a><\/td><td>Das NLBK nimmt eine B\u00fcndelungs-, Steuerungs- und Verteilfunktion zwischen der kommunalen und der ministeriellen Ebene wahr.<\/td><\/tr><tr><td><a href=\"https:\/\/voris.wolterskluwer-online.de\/browse\/document\/cite\/f502d620-3806-3386-a0ca-de630091c218\" target=\"_blank\" rel=\"noreferrer noopener\">Gliederung und Sollst\u00e4rke der Einheiten des Katastrophenschutzes<\/a><\/td><td>Vorgaben zur Struktur und Sollst\u00e4rke der Einheiten im Katastrophenschutz.<\/td><\/tr><tr><td><a href=\"https:\/\/voris.wolterskluwer-online.de\/browse\/document\/cite\/96e229cb-4616-3903-9e8c-ec6602faddfb\" target=\"_blank\" rel=\"noreferrer noopener\">Kreisfeuerwehrbereitschaften in Niedersachsen\u00a0<br>(KFB-Erlass)<\/a><\/td><td>Nach den NBrandSchG werden die Landkreise verpflichtet mindestens eine Kreisfeuerwehrbereitschaft aufzustellen. Mit diesem RdErl. werden Anforderungen an die Aufstellung und Ausstattung sowie die Aufgaben der KFB geregelt. <\/td><\/tr><tr><td><a href=\"https:\/\/voris.wolterskluwer-online.de\/browse\/document\/cite\/60a58761-ad44-3a26-b2e6-c6ad1abfc965\">Fahrberechtigungsverordnung (FahrBVO)<\/a><\/td><td>Verordnung zu Fahrberechtigungen f\u00fcr Einsatzkr\u00e4fte bestimmter Organisationen.<\/td><\/tr><tr><td><a href=\"https:\/\/voris.wolterskluwer-online.de\/browse\/document\/cite\/9b6e960f-3bdc-391e-a9b6-fcca946586c2\" target=\"_blank\" rel=\"noreferrer noopener\">Nieders\u00e4chsisches Brandschutzgesetz (NBrandSchG)<\/a><\/td><td>Zentrale Rechtsgrundlage f\u00fcr Brandschutz und Hilfeleistung der Feuerwehr in Niedersachsen.<\/td><\/tr><tr><td><a href=\"https:\/\/voris.wolterskluwer-online.de\/browse\/document\/cite\/a808b742-fd26-3791-9712-e22b8facbe89\" target=\"_blank\" rel=\"noreferrer noopener\">Nieders\u00e4chsische Feuerwehrverordnung (Nds. FwVO)<\/a><\/td><td><\/td><\/tr><tr><td><a href=\"https:\/\/voris.wolterskluwer-online.de\/browse\/document\/cite\/535cdef6-da68-3e51-8cba-4c8fcebab024\">Nieders\u00e4chsisches Polizei- und Ordnungsbeh\u00f6rdengesetz (NPOG)<\/a><\/td><td>Aktuelle Rechtsgrundlage im Polizei- und Ordnungsrecht<\/td><\/tr><tr><td><a href=\"https:\/\/voris.wolterskluwer-online.de\/browse\/document\/cite\/12f5b8bd-601c-3275-9384-f4088808abd9\" target=\"_blank\" rel=\"noreferrer noopener\">Organisation der Polizei des Landes Niedersachsen<\/a><\/td><td>Aktueller Polizeiorganisationsrunderlass<\/td><\/tr><tr><td><a href=\"https:\/\/www.nlbk.niedersachsen.de\/startseite\/brandschutz\/rechtsgrundlagen_brandschutz\/feuerwehr_dienstvorschriften\/downloadbereich-feuerwehr-dienstvorschriften-156921.html\" target=\"_blank\" rel=\"noreferrer noopener\">Feuerwehr-Dienstvorschriften <\/a><\/td><td>Feuerwehr &#8211; Dienstvorschriften via NLBK Download<\/td><\/tr><tr><td><a href=\"https:\/\/voris.wolterskluwer-online.de\/browse\/document\/cite\/79afdefe-d00d-3d3f-973e-d6e7bd899e6c\" target=\"_blank\" rel=\"noreferrer noopener\">Richtlinie \u00fcber die Gew\u00e4hrung von Zuwendungen f\u00fcr Ausstattung und Ausbildung von Katastrophenschutzeinheiten privater Tr\u00e4ger<\/a><\/td><td>Das Land gew\u00e4hrt gem\u00e4\u00df\u00a0<a href=\"https:\/\/voris.wolterskluwer-online.de\/browse\/document\/cite\/125cc8b6-76e5-3f71-b654-d1de00f3293e\">\u00a7\u00a031 Abs.\u00a03 Satz\u00a01\u00a0NKatSG<\/a>, nach Ma\u00dfgabe dieser Richtlinie\u00a0und der\u00a0<a href=\"https:\/\/voris.wolterskluwer-online.de\/browse\/document\/cite\/9987004c-f6b9-376f-8234-4e0fab80e9ab\">VV zu \u00a7\u00a044\u00a0LHO<\/a>Zuwendungen f\u00fcr Ausstattung und Ausbildung einschlie\u00dflich anteiligen Verwaltungsaufwands von Katastrophenschutzeinheiten privater Tr\u00e4ger.<\/td><\/tr><tr><td><a href=\"https:\/\/voris.wolterskluwer-online.de\/browse\/document\/cite\/5fcaa77c-ebce-3827-adf2-3432f71481ce\" target=\"_blank\" rel=\"noreferrer noopener\">Katastrophenschutz; Hinweise und Regelungen zur Planung von Evakuierungen Betroffener (Evakuierungsplanung)<\/a><\/td><td>Die untere Katastrophenschutzbeh\u00f6rde ist verpflichtet, einen Sonderplan Evakuierung f\u00fcr ihren Bezirk oder betroffene Teilbezirke zu erstellen, welche innerhalb der Mittelzone (Radius 20\u00a0km) um ein aktives Kernkraftwerk oder innerhalb eines Radius von 10\u00a0km um eine sonstige kerntechnische Anlage\u00a0gem\u00e4\u00df Festlegung des Landesnotfallplans gem\u00e4\u00df\u00a0<a href=\"https:\/\/voris.wolterskluwer-online.de\/browse\/document\/cite\/1ec3daac-d0fb-3f44-b7c5-6097eb4090fc\">\u00a7\u00a010c NKatSG<\/a><br>liegen. <\/td><\/tr><tr><td><a href=\"https:\/\/voris.wolterskluwer-online.de\/browse\/document\/cite\/0b173e4c-e087-37ad-9ae6-3b6e49ace1f0\" target=\"_blank\" rel=\"noreferrer noopener\">Katastrophenschutz;\u00a0<br>Hinweise und Regelungen zur Lagerung und Ausgabe von Jodtabletten<\/a><\/td><td><\/td><\/tr><\/tbody><\/table><\/figure>\n\n\n\n<p><\/p>\n","protected":false},"excerpt":{"rendered":"<p>Der Katastrophenschutz in Deutschland f\u00e4llt in Gesetzgebung und Vollzug grunds\u00e4tzlich in die Zust\u00e4ndigkeit der L\u00e4nder. F\u00fcr Niedersachsen bildet das Nieders\u00e4chsische Katastrophenschutzgesetz (NKatSG) die ma\u00dfgebliche landesrechtliche Grundlage. Nachfolgend sind die wesentlichen Informationen zusammengestellt, die den rechtlichen und organisatorischen Rahmen des Katastrophenschutzes in Niedersachsen bestimmen. Vorschrift \/ Fundstelle Kurzbeschreibung \/ Hinweis Nieders\u00e4chsisches Katastrophenschutzgesetz (NKatSG) Zentrale landesrechtliche Grundlage<\/p><\/div>\n<div class=\"blog-btn\"><a href=\"https:\/\/m-pet.de\/?page_id=507\" class=\"home-blog-btn\">Weiterlesen<\/a><\/p>\n","protected":false},"author":1,"featured_media":0,"parent":446,"menu_order":1,"comment_status":"closed","ping_status":"closed","template":"","meta":{"footnotes":""},"class_list":["post-507","page","type-page","status-publish","hentry"],"_links":{"self":[{"href":"https:\/\/m-pet.de\/index.php?rest_route=\/wp\/v2\/pages\/507","targetHints":{"allow":["GET"]}}],"collection":[{"href":"https:\/\/m-pet.de\/index.php?rest_route=\/wp\/v2\/pages"}],"about":[{"href":"https:\/\/m-pet.de\/index.php?rest_route=\/wp\/v2\/types\/page"}],"author":[{"embeddable":true,"href":"https:\/\/m-pet.de\/index.php?rest_route=\/wp\/v2\/users\/1"}],"replies":[{"embeddable":true,"href":"https:\/\/m-pet.de\/index.php?rest_route=%2Fwp%2Fv2%2Fcomments&post=507"}],"version-history":[{"count":0,"href":"https:\/\/m-pet.de\/index.php?rest_route=\/wp\/v2\/pages\/507\/revisions"}],"up":[{"embeddable":true,"href":"https:\/\/m-pet.de\/index.php?rest_route=\/wp\/v2\/pages\/446"}],"wp:attachment":[{"href":"https:\/\/m-pet.de\/index.php?rest_route=%2Fwp%2Fv2%2Fmedia&parent=507"}],"curies":[{"name":"wp","href":"https:\/\/api.w.org\/{rel}","templated":true}]}}