{"id":1041,"date":"2025-03-09T17:00:00","date_gmt":"2025-03-09T16:00:00","guid":{"rendered":"https:\/\/m-pet.de\/?page_id=1041"},"modified":"2025-03-09T19:09:44","modified_gmt":"2025-03-09T18:09:44","slug":"bundeslaender-sl-sn-st-th","status":"publish","type":"page","link":"https:\/\/m-pet.de\/?page_id=1041","title":{"rendered":"SL, SN, ST, TH"},"content":{"rendered":"\n<div class=\"wp-block-image\"><figure class=\"aligncenter\"><a href=\"https:\/\/m-pet.de\/wp-content\/uploads\/2018\/10\/ITW-BW-2.jpg\" target=\"_blank\" rel=\"noreferrer noopener\"><img loading=\"lazy\" decoding=\"async\" width=\"300\" height=\"213\" src=\"https:\/\/m-pet.de\/wp-content\/uploads\/2018\/10\/ITW-BW-2-300x213.jpg\" alt=\"\" class=\"wp-image-1058\" srcset=\"https:\/\/m-pet.de\/wp-content\/uploads\/2018\/10\/ITW-BW-2-300x213.jpg 300w, https:\/\/m-pet.de\/wp-content\/uploads\/2018\/10\/ITW-BW-2-768x545.jpg 768w, https:\/\/m-pet.de\/wp-content\/uploads\/2018\/10\/ITW-BW-2-1024x726.jpg 1024w, https:\/\/m-pet.de\/wp-content\/uploads\/2018\/10\/ITW-BW-2-624x443.jpg 624w\" sizes=\"auto, (max-width: 300px) 100vw, 300px\" \/><\/a><figcaption>ITW der Bundeswehr (aktueller Standard)<\/figcaption><\/figure><\/div>\n\n\n\n<p><strong>Saarland (SL)<\/strong><\/p>\n\n\n\n<ul class=\"wp-block-list\"><li>Informationen rund um den Rettungsdienst im Saarland \u00fcber die Seite des Zweckverbandes f\u00fcr Rettungsdienst und Feuerwehralarmierung (ZRF)<\/li><li><a rel=\"noreferrer noopener\" href=\"https:\/\/m-pet.de\/wp-content\/uploads\/2020\/06\/RettDG_SL_2004.pdf\" target=\"_blank\">Saarl\u00e4ndisches Rettungsdienstgesetz (SRettG)<\/a><\/li><li><a rel=\"noreferrer noopener\" href=\"https:\/\/m-pet.de\/wp-content\/uploads\/2020\/06\/VersSt\u00e4ttV_SL_2008.pdf\" target=\"_blank\">Versammlungsst\u00e4ttenverordnung Saarland<\/a>\u00a0<\/li><li><a rel=\"noreferrer noopener\" href=\"https:\/\/m-pet.de\/wp-content\/uploads\/2020\/06\/RettSanAPV_SL.pdf\" target=\"_blank\">Verordnung \u00fcber die Ausbildung und Pr\u00fcfung von Rettungssanit\u00e4terinnen und Rettungssanit\u00e4tern\u00a0<\/a><\/li><li><a rel=\"noreferrer noopener\" href=\"https:\/\/m-pet.de\/wp-content\/uploads\/2020\/06\/RettBetriebsV_SL_2005.pdf\" target=\"_blank\">Verordnung \u00fcber den Betrieb von Unternehmen des Krankentransports (RettBetriebsVO)<\/a><\/li><li><a rel=\"noreferrer noopener\" href=\"https:\/\/m-pet.de\/wp-content\/uploads\/2020\/06\/RettEignV_SL_2005.pdf\" target=\"_blank\">Verordnung \u00fcber den Nachweis der Eignung zur F\u00fchrung von Unternehmen des Krankentransports (RettEignungsV)<\/a><\/li><li><a rel=\"noreferrer noopener\" href=\"https:\/\/m-pet.de\/wp-content\/uploads\/2020\/06\/ILSQualiV_SL.pdf\" target=\"_blank\">Verordnung \u00fcber die Qualifikation des Personals der Integrierten Leitstelle des Saarlandes (ILSQualiVO)<\/a><\/li><li><a aria-label=\"Landtag des Saarlandes (opens in a new tab)\" rel=\"noreferrer noopener\" href=\"https:\/\/www.landtag-saar.de\/home\/\" target=\"_blank\">Landtag des Saarlandes<\/a> &#8211; <a aria-label=\"Drucksachen (opens in a new tab)\" rel=\"noreferrer noopener\" href=\"https:\/\/www.landtag-saar.de\/dokumente?searchValue=&amp;OnlyTitle=false&amp;Categories=Print,PlenaryProtocol,Law,PublicConsultation&amp;DateFrom=&amp;DateTo=&amp;Periods=&amp;SortValue=Erscheinungsdatum&amp;SortOrder=desc&amp;tab=Doc\" target=\"_blank\">Drucksachen<\/a><\/li><li><a rel=\"noreferrer noopener\" href=\"https:\/\/m-pet.de\/wp-content\/uploads\/2020\/06\/BrandTHKatSchG_SL.pdf\" target=\"_blank\">Gesetz \u00fcber den Brandschutz, die Technische Hilfe und den Katastrophenschutz im Saarland\u00a0(SBKG)<\/a><\/li><li><a href=\"https:\/\/m-pet.de\/wp-content\/uploads\/2020\/06\/PolG_SL.pdf\" target=\"_blank\" rel=\"noreferrer noopener\">Saarl\u00e4ndisches Polizeigesetz (SPolG)<\/a><\/li><\/ul>\n\n\n\n<p><strong>Sachsen (SN)<\/strong><\/p>\n\n\n\n<ul class=\"wp-block-list\"><li><a rel=\"noreferrer noopener\" href=\"https:\/\/www.revosax.sachsen.de\/vorschrift\/4911-SaechsBRKG\" target=\"_blank\">S\u00e4chsisches Gesetz \u00fcber den Brandschutz, Rettungsdienst und Katastrophenschutz&nbsp;<\/a><\/li><li><a aria-label=\"Heilberufezust\u00e4ndigkeitsgesetz  (\u00f6ffnet in neuem Tab)\" rel=\"noreferrer noopener\" href=\"https:\/\/www.revosax.sachsen.de\/vorschrift\/1818-Heilberufezustaendigkeitsgesetz\" target=\"_blank\">Heilberufezust\u00e4ndigkeitsgesetz <\/a>vom  9.&nbsp;Februar&nbsp;2004 (S\u00e4chsGVBl. S.&nbsp;41), das zuletzt durch Artikel 2 des Gesetzes vom 23.&nbsp;Mai&nbsp;2019 (S\u00e4chsGVBl. S.&nbsp;434) ge\u00e4ndert worden ist<\/li><li><a rel=\"noreferrer noopener\" href=\"https:\/\/www.revosax.sachsen.de\/vorschrift\/5617-Saechsische-Landesrettungsdienstplanverordnung\" target=\"_blank\">Sachsische Landesrettungsdienstplanverordnung<\/a><\/li><li><a rel=\"noreferrer noopener\" href=\"https:\/\/www.revosax.sachsen.de\/vorschrift\/4485-Alarmierungsrichtlinie\" target=\"_blank\">Alarmierungsrichtlinie<\/a><\/li><li><a rel=\"noreferrer noopener\" href=\"https:\/\/www.revosax.sachsen.de\/vorschrift\/3067-VwV-Kennzeichnung\" target=\"_blank\">Verwaltungsvorschrift Kennzeichnung von F\u00fchrungskr\u00e4ften und F\u00fchrungsstellen der Feuerwehren und privaten Hilfsorganisationen<\/a><\/li><li><a rel=\"noreferrer noopener\" href=\"https:\/\/www.revosax.sachsen.de\/vorschrift\/1051-Saechsisches-Krankenhausgesetz\" target=\"_blank\">S\u00e4chsisches Krankenhausgesetz<\/a><\/li><li><a rel=\"noreferrer noopener\" href=\"https:\/\/www.revosax.sachsen.de\/vorschrift\/3189-SaechsPolG\" target=\"_blank\">S\u00e4chsisches Polizeigesetz<\/a><\/li><li><a aria-label=\"S\u00e4chsischer Landtag (opens in a new tab)\" rel=\"noreferrer noopener\" href=\"https:\/\/www.landtag.sachsen.de\" target=\"_blank\">S\u00e4chsischer Landtag<\/a>  &#8211;  <a aria-label=\"Drucksachen (opens in a new tab)\" rel=\"noreferrer noopener\" href=\"https:\/\/www.landtag.sachsen.de\/de\/service\/parlamentsdokumente\/index.cshtml\" target=\"_blank\">Drucksachen<\/a><\/li><\/ul>\n\n\n\n<p><strong>Sachsen-Anhalt (ST)<\/strong><\/p>\n\n\n\n<ul class=\"wp-block-list\"><li><a href=\"http:\/\/www.landesrecht.sachsen-anhalt.de\/jportal\/?quelle=jlink&amp;query=RettDG+ST&amp;psml=bssahprod.psml&amp;max=true&amp;aiz=true\" target=\"_blank\" rel=\"noreferrer noopener\">Rettungsdienstgesetz des Landes Sachsen-Anhalt<\/a>&nbsp;<\/li><li><a href=\"http:\/\/www.landesrecht.sachsen-anhalt.de\/jportal\/?quelle=jlink&amp;query=BrandSchG+ST&amp;psml=bssahprod.psml&amp;max=true&amp;aiz=true\" target=\"_blank\" rel=\"noreferrer noopener\">Brandschutz- und Hilfeleistungsgesetz des Landes Sachsen-Anhalt<\/a><\/li><li><a href=\"http:\/\/www.landesrecht.sachsen-anhalt.de\/jportal\/?quelle=jlink&amp;query=RettSanAPV+ST&amp;psml=bssahprod.psml&amp;max=true&amp;aiz=true\" target=\"_blank\" rel=\"noreferrer noopener\">Ausbildungs- und Pr\u00fcfungsverordnung f\u00fcr Rettungssanit\u00e4terinnen und Rettungssanit\u00e4ter im Land Sachsen-Anhalt<\/a><\/li><li><a href=\"http:\/\/www.landesrecht.sachsen-anhalt.de\/jportal\/?quelle=jlink&amp;query=Al%2FGefAbwPlV+ST&amp;psml=bssahprod.psml&amp;max=true&amp;aiz=true\" target=\"_blank\" rel=\"noreferrer noopener\">Verordnung zur Aufstellung externer Alarm- und Gefahrenabwehrpl\u00e4ne<\/a><\/li><li><a href=\"http:\/\/www.landesrecht.sachsen-anhalt.de\/jportal\/?quelle=jlink&amp;query=BestattG+ST&amp;psml=bssahprod.psml&amp;max=true&amp;aiz=true\" target=\"_blank\" rel=\"noreferrer noopener\">Bestattungsgesetz Sachsen-Anhalt<\/a><\/li><li><a href=\"http:\/\/www.landesrecht.sachsen-anhalt.de\/jportal\/?quelle=jlink&amp;query=EZulV+ST&amp;psml=bssahprod.psml&amp;max=true&amp;aiz=true\" target=\"_blank\" rel=\"noreferrer noopener\">Verordnung des Landes Sachsen-Anhalt \u00fcber die Gew\u00e4hrung von Erschwerniszulagen<\/a> (relevant z.B. \u00a712a &#8211; Zulage f\u00fcr Notfallsanit\u00e4tert\u00e4tigkeiten im feuerwehrtechnischen Dienst)&nbsp;<\/li><li><a href=\"http:\/\/www.landesrecht.sachsen-anhalt.de\/jportal\/?quelle=jlink&amp;query=VSt%C3%A4ttV+ST&amp;psml=bssahprod.psml&amp;max=true&amp;aiz=true\" target=\"_blank\" rel=\"noreferrer noopener\">Verordnung \u00fcber den Bau und Betrieb von Versammlungsst\u00e4tten<\/a><\/li><li>Die<a href=\"https:\/\/www.kvsa.de\/praxis\/vertragsaerztliche_taetigkeit\/rettungsdienst.html\" target=\"_blank\" rel=\"noreferrer noopener\"> Kassen\u00e4rztliche Vereinigung Sachsen-Anhalt<\/a> ist f\u00fcr die Sicherstellung des Notarztdienstes zust\u00e4ndig. &nbsp;<\/li><li>Die <a href=\"http:\/\/www.agsan.de\/\" target=\"_blank\" rel=\"noreferrer noopener\">Arbeitsgemeinschaft in Sachsen-Anhalt T\u00e4tiger Not\u00e4rzte e.V.<\/a> hat zusammen mit Arbeitsgruppen aus mehreren Bundesl\u00e4ndern <a href=\"http:\/\/www.agsan.de\/files\/BPR_SAA_Vollstaendig_2018.pdf\" target=\"_blank\" rel=\"noreferrer noopener\">Behandlungspfade und Standardarbeitsanweisungen im Rettungsdienst <\/a>erarbeitet. Auf der Seite der AGSAN sind viele weitere Informationen zu finden.&nbsp;<\/li><li><a aria-label=\"Landtag Sachsen-Anhalt (opens in a new tab)\" href=\"https:\/\/www.landtag.sachsen-anhalt.de\/\" target=\"_blank\" rel=\"noreferrer noopener\">Landtag Sachsen-Anhalt<\/a> &#8211; <a aria-label=\"Drucksachen (opens in a new tab)\" href=\"https:\/\/www.landtag.sachsen-anhalt.de\/dokumente\/\" target=\"_blank\" rel=\"noreferrer noopener\">Drucksachen<\/a><\/li><\/ul>\n\n\n\n<p><strong>Th\u00fcringen (TH)<\/strong><\/p>\n\n\n\n<ul class=\"wp-block-list\"><li><a href=\"http:\/\/landesrecht.thueringen.de\/jportal\/?quelle=jlink&amp;query=RettDG+TH&amp;psml=bsthueprod.psml&amp;max=true&amp;aiz=true\" target=\"_blank\" rel=\"noreferrer noopener\">Th\u00fcringer Rettungsdienstgesetz (Th\u00fcrRettG)<\/a>&nbsp;<\/li><li><a href=\"http:\/\/landesrecht.thueringen.de\/jportal\/?quelle=jlink&amp;query=N%C3%A4RettPersWBDV+TH&amp;psml=bsthueprod.psml&amp;max=true&amp;aiz=true\" target=\"_blank\" rel=\"noreferrer noopener\">Th\u00fcringer Verordnung zur Durchf\u00fchrung der Weiter- und Fortbildungen des nicht\u00e4rztlichen Rettungspersonals vom 11.06.2018<\/a><\/li><li>Die <a href=\"https:\/\/www.kv-thueringen.de\/mitglieder\/rd\/index.html\" target=\"_blank\" rel=\"noreferrer noopener\">Kassen\u00e4rztliche Vereinigung Th\u00fcringen<\/a> hat den Sicherstellungsauftrag im bodengebundenen Rettungsdienst und ist deshalb f\u00fcr die Besetzung der Notarzteinsatzfahrzeuge im Freistaat zust\u00e4ndig. Auf deren Internetseite sind deshalb einige Informationen zu finden. &nbsp;&nbsp;<\/li><li><a href=\"http:\/\/landesrecht.thueringen.de\/jportal\/?quelle=jlink&amp;query=Brand%2FKatSchG+TH&amp;psml=bsthueprod.psml&amp;max=true&amp;aiz=true\" target=\"_blank\" rel=\"noreferrer noopener\">Th\u00fcringer Gesetz \u00fcber den Brandschutz, die Allgemeine Hilfe und den Katastrophenschutz (Th\u00fcrBKG)<\/a><\/li><li><a href=\"http:\/\/landesrecht.thueringen.de\/jportal\/?quelle=jlink&amp;query=BestattG+TH&amp;psml=bsthueprod.psml&amp;max=true&amp;aiz=true\" target=\"_blank\" rel=\"noreferrer noopener\">Th\u00fcringer Bestattungsgesetz (Th\u00fcrBestG)<\/a><\/li><li><a href=\"http:\/\/landesrecht.thueringen.de\/jportal\/?quelle=jlink&amp;query=KHG+TH&amp;psml=bsthueprod.psml&amp;max=true&amp;aiz=true\" target=\"_blank\" rel=\"noreferrer noopener\">Th\u00fcringer Krankenhausgesetz (Th\u00fcrKHG)<\/a><\/li><li><a href=\"http:\/\/landesrecht.thueringen.de\/jportal\/?quelle=jlink&amp;query=PolAufG+TH&amp;psml=bsthueprod.psml&amp;max=true&amp;aiz=true\" target=\"_blank\" rel=\"noreferrer noopener\">Th\u00fcringer Gesetz \u00fcber die Aufgaben und Befugnisse der Polizei (PAG)<\/a><\/li><li><a aria-label=\" (opens in a new tab)\" href=\"https:\/\/www.thueringer-landtag.de\/\" target=\"_blank\" rel=\"noreferrer noopener\">Th\u00fcringer Landtag<\/a> &#8211; <a aria-label=\"Drucksachen  (opens in a new tab)\" href=\"https:\/\/parldok.thueringen.de\/ParlDok\" target=\"_blank\" rel=\"noreferrer noopener\">Drucksachen<\/a><\/li><\/ul>\n","protected":false},"excerpt":{"rendered":"<p>Saarland (SL) Informationen rund um den Rettungsdienst im Saarland \u00fcber die Seite des Zweckverbandes f\u00fcr Rettungsdienst und Feuerwehralarmierung (ZRF) Saarl\u00e4ndisches Rettungsdienstgesetz (SRettG) Versammlungsst\u00e4ttenverordnung Saarland\u00a0 Verordnung \u00fcber die Ausbildung und Pr\u00fcfung von Rettungssanit\u00e4terinnen und Rettungssanit\u00e4tern\u00a0 Verordnung \u00fcber den Betrieb von Unternehmen des Krankentransports (RettBetriebsVO) Verordnung \u00fcber den Nachweis der Eignung zur F\u00fchrung von Unternehmen des Krankentransports<\/p><\/div>\n<div class=\"blog-btn\"><a href=\"https:\/\/m-pet.de\/?page_id=1041\" class=\"home-blog-btn\">Weiterlesen<\/a><\/p>\n","protected":false},"author":1,"featured_media":0,"parent":0,"menu_order":30,"comment_status":"closed","ping_status":"closed","template":"","meta":{"footnotes":""},"class_list":["post-1041","page","type-page","status-publish","hentry"],"_links":{"self":[{"href":"https:\/\/m-pet.de\/index.php?rest_route=\/wp\/v2\/pages\/1041","targetHints":{"allow":["GET"]}}],"collection":[{"href":"https:\/\/m-pet.de\/index.php?rest_route=\/wp\/v2\/pages"}],"about":[{"href":"https:\/\/m-pet.de\/index.php?rest_route=\/wp\/v2\/types\/page"}],"author":[{"embeddable":true,"href":"https:\/\/m-pet.de\/index.php?rest_route=\/wp\/v2\/users\/1"}],"replies":[{"embeddable":true,"href":"https:\/\/m-pet.de\/index.php?rest_route=%2Fwp%2Fv2%2Fcomments&post=1041"}],"version-history":[{"count":0,"href":"https:\/\/m-pet.de\/index.php?rest_route=\/wp\/v2\/pages\/1041\/revisions"}],"wp:attachment":[{"href":"https:\/\/m-pet.de\/index.php?rest_route=%2Fwp%2Fv2%2Fmedia&parent=1041"}],"curies":[{"name":"wp","href":"https:\/\/api.w.org\/{rel}","templated":true}]}}